{"id":183,"date":"2017-07-15T14:16:46","date_gmt":"2017-07-15T14:16:46","guid":{"rendered":"https:\/\/sisperdesign.com\/sisperstore\/?page_id=183"},"modified":"2025-09-18T17:06:36","modified_gmt":"2025-09-18T20:06:36","slug":"sisperdesign","status":"publish","type":"page","link":"https:\/\/sisperdesign.com\/sisperstore\/sisperdesign\/","title":{"rendered":"SisperDesign"},"content":{"rendered":"\n<p>Quem somos?<\/p>\n\n\n\n<p>Somos orgulhosos fornecedores de presentes, brinquedos, novidades, jogos, quebra-cabe\u00e7as e acess\u00f3rios para casa e jardim.<br>A <strong><a href=\"https:\/\/sisperdesign.com\/sisperstore\/produtos\/\" data-type=\"page\" data-id=\"16319\">SisperDesign\u00ae<\/a><\/strong>\u00a0viaja no tempo para criar produtos inspirados em brinquedos, jogos, brincadeiras e acess\u00f3rios de \u00e9pocas passadas, desde a gera\u00e7\u00e3o de nossos pais, av\u00f3s e bisav\u00f3s\u2026 E tudo isso \u00e9 feito com muito respeito ao meio ambiente.<br>Nossa fabrica\u00e7\u00e3o \u00e9 movida pela energia solar, uma fonte limpa e renov\u00e1vel, que nos permite operar de maneira consciente e ecologicamente respons\u00e1vel. Atrav\u00e9s do aproveitamento dessa energia abundante e n\u00e3o poluente, buscamos minimizar nossa pegada de carbono e contribuir para um futuro mais sustent\u00e1vel.<br>Nossos produtos exclusivos levam a assinatura da designer e CEO Simone L. Sperhacke. Cada pe\u00e7a \u00e9 criada com carinho no Rio Grande do Sul &#8211; Brasil, atrav\u00e9s de impress\u00e3o 3D, utilizando apenas PLA (poli\u00e1cido l\u00e1ctico) \u2013 um material biodegrad\u00e1vel, ecol\u00f3gico e livre de petr\u00f3leo, obtido de fontes renov\u00e1veis como cana-de-a\u00e7\u00facar, milho, soja e beterraba.<br><a href=\"https:\/\/sisperdesign.com\/sisperstore\/produtos\/\" data-type=\"page\" data-id=\"16319\"><strong>SisperDesign\u00ae<\/strong><\/a>: sua fonte de entretenimento, educa\u00e7\u00e3o, divers\u00e3o e encanto.<br>Brinquedos com design.<br>Entre em contato conosco e\u00a0descubra um mundo divertido onde:\u00a0Brincando a gente cresce!<\/p>\n\n\n<div class=\"wp-block-image\">\n<figure class=\"alignleft\"><img decoding=\"async\" width=\"300\" height=\"146\" src=\"https:\/\/sisperdesign.com\/sisperstore\/wp-content\/uploads\/2017\/07\/logo_2014-300x146.png\" alt=\"\" class=\"wp-image-191\" srcset=\"https:\/\/sisperdesign.com\/sisperstore\/wp-content\/uploads\/2017\/07\/logo_2014-300x146.png 300w, https:\/\/sisperdesign.com\/sisperstore\/wp-content\/uploads\/2017\/07\/logo_2014-600x292.png 600w, https:\/\/sisperdesign.com\/sisperstore\/wp-content\/uploads\/2017\/07\/logo_2014.png 762w\" sizes=\"(max-width: 300px) 100vw, 300px\" \/><\/figure>\n<\/div>\n\n\n<p><\/p>\n\n\n\n<figure class=\"wp-block-pullquote\"><blockquote><p><strong>Brinquedos com design!<\/strong><\/p><\/blockquote><\/figure>\n","protected":false},"excerpt":{"rendered":"<p>Quem somos? Somos orgulhosos fornecedores de presentes, brinquedos, novidades, jogos, quebra-cabe\u00e7as e acess\u00f3rios para casa e jardim.A SisperDesign\u00ae\u00a0viaja no tempo para criar produtos inspirados em brinquedos, jogos, brincadeiras e acess\u00f3rios de \u00e9pocas passadas, desde a gera\u00e7\u00e3o de nossos pais, av\u00f3s e bisav\u00f3s\u2026 E tudo isso \u00e9 feito com muito respeito ao meio ambiente.Nossa fabrica\u00e7\u00e3o \u00e9 &#8230; <a title=\"SisperDesign\" class=\"read-more\" href=\"https:\/\/sisperdesign.com\/sisperstore\/sisperdesign\/\" aria-label=\"Read more about SisperDesign\">Ler mais<\/a><\/p>\n","protected":false},"author":1,"featured_media":0,"parent":0,"menu_order":0,"comment_status":"closed","ping_status":"closed","template":"","meta":{"jetpack_post_was_ever_published":false,"footnotes":""},"class_list":["post-183","page","type-page","status-publish"],"jetpack-related-posts":[],"jetpack_likes_enabled":true,"jetpack_sharing_enabled":true,"_links":{"self":[{"href":"https:\/\/sisperdesign.com\/sisperstore\/wp-json\/wp\/v2\/pages\/183","targetHints":{"allow":["GET"]}}],"collection":[{"href":"https:\/\/sisperdesign.com\/sisperstore\/wp-json\/wp\/v2\/pages"}],"about":[{"href":"https:\/\/sisperdesign.com\/sisperstore\/wp-json\/wp\/v2\/types\/page"}],"author":[{"embeddable":true,"href":"https:\/\/sisperdesign.com\/sisperstore\/wp-json\/wp\/v2\/users\/1"}],"replies":[{"embeddable":true,"href":"https:\/\/sisperdesign.com\/sisperstore\/wp-json\/wp\/v2\/comments?post=183"}],"version-history":[{"count":11,"href":"https:\/\/sisperdesign.com\/sisperstore\/wp-json\/wp\/v2\/pages\/183\/revisions"}],"predecessor-version":[{"id":19477,"href":"https:\/\/sisperdesign.com\/sisperstore\/wp-json\/wp\/v2\/pages\/183\/revisions\/19477"}],"wp:attachment":[{"href":"https:\/\/sisperdesign.com\/sisperstore\/wp-json\/wp\/v2\/media?parent=183"}],"curies":[{"name":"wp","href":"https:\/\/api.w.org\/{rel}","templated":true}]}}