{"id":14572,"date":"2022-06-02T18:23:14","date_gmt":"2022-06-02T21:23:14","guid":{"rendered":"https:\/\/sisperdesign.com\/sisperstore\/?post_type=product&#038;p=14572"},"modified":"2026-05-04T11:18:33","modified_gmt":"2026-05-04T14:18:33","slug":"monumento-ao-expedicionario","status":"publish","type":"product","link":"https:\/\/sisperdesign.com\/sisperstore\/produto\/monumento-ao-expedicionario\/","title":{"rendered":"Monumento ao Expedicion\u00e1rio &#8211; Miniatura Colecion\u00e1vel"},"content":{"rendered":"<p>Vers\u00e3o minimalista do <strong>Monumento ao Expedicion\u00e1rio<\/strong> em Porto Alegre, assinado pela designer Simone L. Sperhacke.<\/p>\n<p>Maior monumento de <strong>Ant\u00f4nio Caringi<\/strong>, o Memorial ao &#8220;Expedicion\u00e1rio&#8221; inaugurado em 1957 exalta no bronze e no granito a Marinha, o Ex\u00e9rcito e a Aeron\u00e1utica, homenageando os pracinhas da F.E.B. (For\u00e7a Expedicion\u00e1ria Brasileira) que lutaram na segunda guerra mundial.<br \/>\nLocaliza\u00e7\u00e3o: Parque Farroupilha, bairro da<br \/>\nReden\u00e7\u00e3o. Porto Alegre &#8211; RS.<\/p>\n<p>\u00c9 um monumento hist\u00f3rico da cidade de Porto Alegre, e foi inaugurado em 1957. A ideia para o monumento foi lan\u00e7ada pelo jornal Correio do Povo em 1946, o que gerou um concurso p\u00fablico para a elabora\u00e7\u00e3o de um <i>arco do triunfo<\/i>, onde saiu vencedor o projeto de\u00a0Ant\u00f4nio Caringi, autor tamb\u00e9m da\u00a0<strong><a href=\"https:\/\/sisperdesign.com\/sisperstore\/produto\/o-lacador\/\">Est\u00e1tua do La\u00e7ador<\/a><\/strong>, s\u00edmbolo de\u00a0Porto Alegre.<\/p>\n<p>Aos domingos, quando acontece o tradicional\u00a0Brique da Reden\u00e7\u00e3o (feira de artesanato e antiguidades), o monumento vira palco de espet\u00e1culos realizados pelos artistas locais e nacionais.<\/p>\n<p><strong>*Produto Licenciado Caringi<\/strong><\/p>\n<p>Porto Alegre 250 anos (2022)<\/p>\n<p>Feito por impress\u00e3o 3D em PLA (sem petr\u00f3leo, ecol\u00f3gico!)<br \/>\nDesign By Simone L. Sperhacke<\/p>\n<p>Imagens ilustrativas.<\/p>\n<p>Medidas aproximadas: 9x9x2,5 cm<\/p>\n<p>Cores podem variar.<\/p>\n","protected":false},"excerpt":{"rendered":"<p><strong>Monumento ao Expedicion\u00e1rio<\/strong> em Porto Alegre.<\/p>\n<p>Miniaturra colecion\u00e1vel<\/p>\n","protected":false},"featured_media":14495,"comment_status":"open","ping_status":"closed","template":"","meta":{"jetpack_post_was_ever_published":false,"jetpack_publicize_message":"","jetpack_publicize_feature_enabled":true,"jetpack_social_post_already_shared":false,"jetpack_social_options":{"image_generator_settings":{"template":"highway","default_image_id":0,"font":"","enabled":false},"version":2}},"product_brand":[],"product_cat":[605,604,251,28],"product_tag":[478,384,455,479,419],"class_list":{"0":"post-14572","1":"product","2":"type-product","3":"status-publish","4":"has-post-thumbnail","6":"product_cat-crgi","7":"product_cat-poa","8":"product_cat-decor","9":"product_cat-produtos","10":"product_tag-colecionaveis","11":"product_tag-eu-amo-porto-alegre","12":"product_tag-miniaturas","13":"product_tag-poa250","14":"product_tag-porto-alegre","16":"first","17":"onbackorder","18":"featured","19":"shipping-taxable","20":"purchasable","21":"product-type-simple"},"jetpack_publicize_connections":[],"jetpack-related-posts":[],"jetpack_likes_enabled":true,"jetpack_sharing_enabled":true,"_links":{"self":[{"href":"https:\/\/sisperdesign.com\/sisperstore\/wp-json\/wp\/v2\/product\/14572","targetHints":{"allow":["GET"]}}],"collection":[{"href":"https:\/\/sisperdesign.com\/sisperstore\/wp-json\/wp\/v2\/product"}],"about":[{"href":"https:\/\/sisperdesign.com\/sisperstore\/wp-json\/wp\/v2\/types\/product"}],"replies":[{"embeddable":true,"href":"https:\/\/sisperdesign.com\/sisperstore\/wp-json\/wp\/v2\/comments?post=14572"}],"wp:featuredmedia":[{"embeddable":true,"href":"https:\/\/sisperdesign.com\/sisperstore\/wp-json\/wp\/v2\/media\/14495"}],"wp:attachment":[{"href":"https:\/\/sisperdesign.com\/sisperstore\/wp-json\/wp\/v2\/media?parent=14572"}],"wp:term":[{"taxonomy":"product_brand","embeddable":true,"href":"https:\/\/sisperdesign.com\/sisperstore\/wp-json\/wp\/v2\/product_brand?post=14572"},{"taxonomy":"product_cat","embeddable":true,"href":"https:\/\/sisperdesign.com\/sisperstore\/wp-json\/wp\/v2\/product_cat?post=14572"},{"taxonomy":"product_tag","embeddable":true,"href":"https:\/\/sisperdesign.com\/sisperstore\/wp-json\/wp\/v2\/product_tag?post=14572"}],"curies":[{"name":"wp","href":"https:\/\/api.w.org\/{rel}","templated":true}]}}