{"id":15125,"date":"2023-04-20T14:59:45","date_gmt":"2023-04-20T17:59:45","guid":{"rendered":"https:\/\/sisperdesign.com\/sisperstore\/?post_type=product&#038;p=15125"},"modified":"2026-05-04T11:18:42","modified_gmt":"2026-05-04T14:18:42","slug":"cao-phone","status":"publish","type":"product","link":"https:\/\/sisperdesign.com\/sisperstore\/produto\/cao-phone\/","title":{"rendered":"C\u00e3o phone &#8211; Suporte \/ Apoio de Celular Decorativo"},"content":{"rendered":"<p>Feito em PLA por impress\u00e3o 3D, o C\u00e3oPhone pode ser usado como enfeite ou como suporte para celular.<\/p>\n<p>Escolha sua cor favorita do seu Cachorrinho!<\/p>\n<p>Tamanho aproximado: 8x8x3 cm.<\/p>\n<p>Design: Simone L. Sperhacke.<br \/>\nProduzido por impress\u00e3o 3D, em PLA, pl\u00e1stico biodegrad\u00e1vel de origem vegetal, livre de petr\u00f3leo.<br \/>\nAs cores podem apresentar varia\u00e7\u00f5es em fun\u00e7\u00e3o do processo produtivo. Imagens meramente ilustrativas. Pequenas varia\u00e7\u00f5es de acabamento podem ocorrer.<\/p>\n<p>SisperDesign \u2014 design para brincar, criar, imaginar e encantar.<\/p>\n","protected":false},"excerpt":{"rendered":"<p>Suporte para smartphone que tamb\u00e9m \u00e9 um enfeite!<\/p>\n","protected":false},"featured_media":2152,"comment_status":"open","ping_status":"closed","template":"","meta":{"jetpack_post_was_ever_published":false,"jetpack_publicize_message":"","jetpack_publicize_feature_enabled":true,"jetpack_social_post_already_shared":false,"jetpack_social_options":{"image_generator_settings":{"template":"highway","default_image_id":0,"font":"","enabled":false},"version":2}},"product_brand":[593,579],"product_cat":[636,251,28],"product_tag":[488,646,106,82,269],"class_list":{"0":"post-15125","1":"product","2":"type-product","3":"status-publish","4":"has-post-thumbnail","6":"product_brand-sisper-design","7":"product_brand-sisperdesign","8":"product_cat-bem-viver","9":"product_cat-decor","10":"product_cat-produtos","11":"product_tag-apoio","12":"product_tag-apoio-celular","13":"product_tag-cachorro","14":"product_tag-design","15":"product_tag-smartphone","16":"pa_cor-amr","17":"pa_cor-azul","18":"pa_cor-br","19":"pa_cor-ciz","20":"pa_cor-fucsia","21":"pa_cor-laranja","22":"pa_cor-mar","23":"pa_cor-marrom","24":"pa_cor-pr","25":"pa_cor-ros","26":"pa_cor-srt","27":"pa_cor-turquesa","28":"pa_cor-vd","29":"pa_cor-vrl","31":"first","32":"onbackorder","33":"shipping-taxable","34":"purchasable","35":"product-type-variable"},"jetpack_publicize_connections":[],"jetpack-related-posts":[],"jetpack_likes_enabled":true,"jetpack_sharing_enabled":true,"_links":{"self":[{"href":"https:\/\/sisperdesign.com\/sisperstore\/wp-json\/wp\/v2\/product\/15125","targetHints":{"allow":["GET"]}}],"collection":[{"href":"https:\/\/sisperdesign.com\/sisperstore\/wp-json\/wp\/v2\/product"}],"about":[{"href":"https:\/\/sisperdesign.com\/sisperstore\/wp-json\/wp\/v2\/types\/product"}],"replies":[{"embeddable":true,"href":"https:\/\/sisperdesign.com\/sisperstore\/wp-json\/wp\/v2\/comments?post=15125"}],"wp:featuredmedia":[{"embeddable":true,"href":"https:\/\/sisperdesign.com\/sisperstore\/wp-json\/wp\/v2\/media\/2152"}],"wp:attachment":[{"href":"https:\/\/sisperdesign.com\/sisperstore\/wp-json\/wp\/v2\/media?parent=15125"}],"wp:term":[{"taxonomy":"product_brand","embeddable":true,"href":"https:\/\/sisperdesign.com\/sisperstore\/wp-json\/wp\/v2\/product_brand?post=15125"},{"taxonomy":"product_cat","embeddable":true,"href":"https:\/\/sisperdesign.com\/sisperstore\/wp-json\/wp\/v2\/product_cat?post=15125"},{"taxonomy":"product_tag","embeddable":true,"href":"https:\/\/sisperdesign.com\/sisperstore\/wp-json\/wp\/v2\/product_tag?post=15125"}],"curies":[{"name":"wp","href":"https:\/\/api.w.org\/{rel}","templated":true}]}}