{"id":15407,"date":"2023-10-06T10:09:02","date_gmt":"2023-10-06T13:09:02","guid":{"rendered":"https:\/\/sisperdesign.com\/sisperstore\/?post_type=product&#038;p=15407"},"modified":"2026-01-28T06:40:40","modified_gmt":"2026-01-28T09:40:40","slug":"jogo-pontinhos-gratis","status":"publish","type":"product","link":"https:\/\/sisperdesign.com\/sisperstore\/produto\/jogo-pontinhos-gratis\/","title":{"rendered":"Jogo Pontinhos &#8211; GR\u00c1TIS"},"content":{"rendered":"<p>Jogo do Pontinho: Mais do que Divers\u00e3o, Benef\u00edcios Surpreendentes!<\/p>\n<div class=\"flex-1 overflow-hidden\">\n<div class=\"react-scroll-to-bottom--css-zsfhf-79elbk h-full dark:bg-gray-800\">\n<div class=\"react-scroll-to-bottom--css-zsfhf-1n7m0yu\">\n<div class=\"flex flex-col text-sm dark:bg-gray-800\">\n<div class=\"group w-full text-token-text-primary border-b border-black\/10 gizmo:border-0 dark:border-gray-900\/50 gizmo:dark:border-0 bg-gray-50 gizmo:bg-transparent dark:bg-[#444654] gizmo:dark:bg-transparent\" data-testid=\"conversation-turn-7\">\n<div class=\"p-4 justify-center text-base md:gap-6 md:py-6 m-auto\">\n<div class=\"flex flex-1 gap-4 text-base mx-auto md:gap-6 gizmo:gap-3 gizmo:md:px-5 gizmo:lg:px-1 gizmo:xl:px-5 md:max-w-2xl lg:max-w-[38rem] gizmo:md:max-w-3xl gizmo:lg:max-w-[40rem] gizmo:xl:max-w-[48rem] xl:max-w-3xl }\">\n<div class=\"relative flex w-[calc(100%-50px)] flex-col gap-1 gizmo:w-full md:gap-3 lg:w-[calc(100%-115px)] agent-turn\">\n<div class=\"flex flex-grow flex-col gap-3 max-w-full\">\n<div class=\"min-h-[20px] flex flex-col items-start gap-3 whitespace-pre-wrap break-words overflow-x-auto\">\n<div class=\"markdown prose w-full break-words dark:prose-invert light\">\n<p>\u00a0Quem mais adora uma partida de &#8220;Pontinho&#8221;. Este jogo aparentemente simples oferece muito mais do que divers\u00e3o; ele traz benef\u00edcios surpreendentes! Vamos dar uma olhada em como o jogo do Pontinho pode ser uma escolha inteligente para passar o tempo com amigos e familiares.<\/p>\n<p><strong>Benef\u00edcio 1: Estimula a Criatividade<\/strong>\u00a0Marcando os quadrados com sua inicial ou um desenho, voc\u00ea pode soltar sua criatividade e adicionar um toque pessoal ao jogo. Isso ajuda a desenvolver suas habilidades art\u00edsticas e a imagina\u00e7\u00e3o!<\/p>\n<p><strong>Benef\u00edcio 2: Estrat\u00e9gia e Planejamento<\/strong>\u00a0 O Pontinho envolve estrat\u00e9gia, j\u00e1 que voc\u00ea precisa pensar cuidadosamente onde desenhar suas linhas para maximizar os pontos. Isso estimula a mente e melhora as habilidades de planejamento.<\/p>\n<p><strong>Benef\u00edcio 3: Intera\u00e7\u00e3o Social<\/strong>\u00a0 Jogar com amigos e familiares \u00e9 uma excelente maneira de fortalecer la\u00e7os e promover a intera\u00e7\u00e3o social. As risadas e competi\u00e7\u00f5es amig\u00e1veis tornam o jogo ainda mais especial.<\/p>\n<p><strong>Benef\u00edcio 4: Concentra\u00e7\u00e3o e Paci\u00eancia<\/strong>\u00a0 O jogo do Pontinho requer paci\u00eancia e concentra\u00e7\u00e3o para n\u00e3o perder oportunidades de fechar quadrados. Isso pode ajudar a melhorar sua capacidade de foco.<\/p>\n<p><strong>Benef\u00edcio 5: Simplicidade e Acessibilidade<\/strong> Este jogo \u00e9 f\u00e1cil de aprender e pode ser jogado em qualquer lugar com papel quadriculado e canetas. \u00c9 uma \u00f3tima op\u00e7\u00e3o para passar o tempo sem a necessidade de tecnologia.<\/p>\n<p>Ent\u00e3o, da pr\u00f3xima vez que voc\u00ea jogar &#8220;Pontinho&#8221;, lembre-se de todos esses benef\u00edcios que v\u00eam junto com a divers\u00e3o! Marque seus amigos e convide-os para uma partida.<\/p>\n<p>#JogodoPontinho #Divers\u00e3oeBenef\u00edcios<\/p>\n<\/div>\n<\/div>\n<\/div>\n<\/div>\n<\/div>\n<\/div>\n<\/div>\n<\/div>\n<\/div>\n<\/div>\n<\/div>\n<p>Divirta-se!<\/p>\n<p>www.SisperDesign.com<\/p>\n","protected":false},"excerpt":{"rendered":"<p>Divirta-se com esse jogo simples e educativo!<\/p>\n","protected":false},"featured_media":15411,"comment_status":"open","ping_status":"closed","template":"","meta":{"jetpack_post_was_ever_published":false,"jetpack_publicize_message":"","jetpack_publicize_feature_enabled":true,"jetpack_social_post_already_shared":false,"jetpack_social_options":{"image_generator_settings":{"template":"highway","default_image_id":0,"font":"","enabled":false},"version":2}},"product_brand":[593,579],"product_cat":[391,20],"product_tag":[],"class_list":{"0":"post-15407","1":"product","2":"type-product","3":"status-publish","4":"has-post-thumbnail","6":"product_brand-sisper-design","7":"product_brand-sisperdesign","8":"product_cat-gratis","9":"product_cat-jogos","11":"first","12":"instock","13":"sale","14":"downloadable","15":"virtual","16":"sold-individually","17":"purchasable","18":"product-type-simple"},"jetpack_publicize_connections":[],"jetpack-related-posts":[],"jetpack_likes_enabled":true,"jetpack_sharing_enabled":true,"_links":{"self":[{"href":"https:\/\/sisperdesign.com\/sisperstore\/wp-json\/wp\/v2\/product\/15407","targetHints":{"allow":["GET"]}}],"collection":[{"href":"https:\/\/sisperdesign.com\/sisperstore\/wp-json\/wp\/v2\/product"}],"about":[{"href":"https:\/\/sisperdesign.com\/sisperstore\/wp-json\/wp\/v2\/types\/product"}],"replies":[{"embeddable":true,"href":"https:\/\/sisperdesign.com\/sisperstore\/wp-json\/wp\/v2\/comments?post=15407"}],"wp:featuredmedia":[{"embeddable":true,"href":"https:\/\/sisperdesign.com\/sisperstore\/wp-json\/wp\/v2\/media\/15411"}],"wp:attachment":[{"href":"https:\/\/sisperdesign.com\/sisperstore\/wp-json\/wp\/v2\/media?parent=15407"}],"wp:term":[{"taxonomy":"product_brand","embeddable":true,"href":"https:\/\/sisperdesign.com\/sisperstore\/wp-json\/wp\/v2\/product_brand?post=15407"},{"taxonomy":"product_cat","embeddable":true,"href":"https:\/\/sisperdesign.com\/sisperstore\/wp-json\/wp\/v2\/product_cat?post=15407"},{"taxonomy":"product_tag","embeddable":true,"href":"https:\/\/sisperdesign.com\/sisperstore\/wp-json\/wp\/v2\/product_tag?post=15407"}],"curies":[{"name":"wp","href":"https:\/\/api.w.org\/{rel}","templated":true}]}}