{"id":19405,"date":"2025-09-14T03:44:42","date_gmt":"2025-09-14T06:44:42","guid":{"rendered":"https:\/\/sisperdesign.com\/sisperstore\/?post_type=product&#038;p=19405"},"modified":"2026-05-04T11:18:34","modified_gmt":"2026-05-04T14:18:34","slug":"placa-frases","status":"publish","type":"product","link":"https:\/\/sisperdesign.com\/sisperstore\/produto\/placa-frases\/","title":{"rendered":"Placa frases"},"content":{"rendered":"<p data-start=\"1201\" data-end=\"1565\">A <strong data-start=\"1203\" data-end=\"1236\">placa decorativa SisperDesign<\/strong> com a frase <em data-start=\"1249\" data-end=\"1279\">\u201ccoisas boas acontecem aqui\u201d<\/em> \u00e9 um objeto de design autoral que combina mem\u00f3ria visual, afeto e sustentabilidade. Sua est\u00e9tica \u00e9 inspirada nas tradicionais placas antigas e vintage em metal, especialmente nas composi\u00e7\u00f5es em azul e branco, reinterpretadas por meio de processos contempor\u00e2neos de fabrica\u00e7\u00e3o e design.<\/p>\n<p data-start=\"1567\" data-end=\"1850\">Produzida em <strong data-start=\"1580\" data-end=\"1601\">PLA biodegrad\u00e1vel<\/strong>, material de origem vegetal, a pe\u00e7a prop\u00f5e um di\u00e1logo entre tradi\u00e7\u00e3o e inova\u00e7\u00e3o, substituindo o metal por uma materialidade leve e consciente. O resultado \u00e9 um objeto decorativo que valoriza a cultura material e o design como experi\u00eancia cotidiana.<\/p>\n<p data-start=\"1852\" data-end=\"2098\">Com visual simples e atemporal, a placa se adapta facilmente a diferentes ambientes, funcionando como um pequeno manifesto visual positivo. Um item decorativo que tamb\u00e9m comunica valores como cuidado, sustentabilidade e design brasileiro autoral.<\/p>\n<p>Design: Simone L. Sperhacke.<br \/>\nProduzido por impress\u00e3o 3D, em PLA, pl\u00e1stico biodegrad\u00e1vel de origem vegetal, livre de petr\u00f3leo.<br \/>\nAs cores podem apresentar varia\u00e7\u00f5es em fun\u00e7\u00e3o do processo produtivo. Imagens meramente ilustrativas. Pequenas varia\u00e7\u00f5es de acabamento podem ocorrer.<\/p>\n<p>SisperDesign \u2014 design para brincar, criar, imaginar e encantar.<\/p>\n","protected":false},"excerpt":{"rendered":"<p>Placa decorativa criada pela SisperDesign, inspirada nas placas antigas e vintage em metal azul e branco, reinterpretadas com linguagem contempor\u00e2nea.<\/p>\n","protected":false},"featured_media":20445,"comment_status":"open","ping_status":"closed","template":"","meta":{"jetpack_post_was_ever_published":false,"jetpack_publicize_message":"","jetpack_publicize_feature_enabled":true,"jetpack_social_post_already_shared":true,"jetpack_social_options":{"image_generator_settings":{"template":"highway","default_image_id":0,"font":"","enabled":false},"version":2}},"product_brand":[],"product_cat":[172,636,251,136,28],"product_tag":[643,409,387,642,82,640,641],"class_list":{"0":"post-19405","1":"product","2":"type-product","3":"status-publish","4":"has-post-thumbnail","6":"product_cat-acessorios","7":"product_cat-bem-viver","8":"product_cat-decor","9":"product_cat-uncategorized","10":"product_cat-produtos","11":"product_tag-autoral","12":"product_tag-bem-estar","13":"product_tag-decor","14":"product_tag-decorativo","15":"product_tag-design","16":"product_tag-motivacional","17":"product_tag-placa","19":"first","20":"onbackorder","21":"shipping-taxable","22":"purchasable","23":"product-type-simple"},"jetpack_publicize_connections":[],"jetpack-related-posts":[],"jetpack_likes_enabled":true,"jetpack_sharing_enabled":true,"_links":{"self":[{"href":"https:\/\/sisperdesign.com\/sisperstore\/wp-json\/wp\/v2\/product\/19405","targetHints":{"allow":["GET"]}}],"collection":[{"href":"https:\/\/sisperdesign.com\/sisperstore\/wp-json\/wp\/v2\/product"}],"about":[{"href":"https:\/\/sisperdesign.com\/sisperstore\/wp-json\/wp\/v2\/types\/product"}],"replies":[{"embeddable":true,"href":"https:\/\/sisperdesign.com\/sisperstore\/wp-json\/wp\/v2\/comments?post=19405"}],"wp:featuredmedia":[{"embeddable":true,"href":"https:\/\/sisperdesign.com\/sisperstore\/wp-json\/wp\/v2\/media\/20445"}],"wp:attachment":[{"href":"https:\/\/sisperdesign.com\/sisperstore\/wp-json\/wp\/v2\/media?parent=19405"}],"wp:term":[{"taxonomy":"product_brand","embeddable":true,"href":"https:\/\/sisperdesign.com\/sisperstore\/wp-json\/wp\/v2\/product_brand?post=19405"},{"taxonomy":"product_cat","embeddable":true,"href":"https:\/\/sisperdesign.com\/sisperstore\/wp-json\/wp\/v2\/product_cat?post=19405"},{"taxonomy":"product_tag","embeddable":true,"href":"https:\/\/sisperdesign.com\/sisperstore\/wp-json\/wp\/v2\/product_tag?post=19405"}],"curies":[{"name":"wp","href":"https:\/\/api.w.org\/{rel}","templated":true}]}}