{"id":20425,"date":"2026-01-28T09:04:56","date_gmt":"2026-01-28T12:04:56","guid":{"rendered":"https:\/\/sisperdesign.com\/sisperstore\/?post_type=product&#038;p=20425"},"modified":"2026-03-30T18:28:25","modified_gmt":"2026-03-30T21:28:25","slug":"mini-camionete","status":"publish","type":"product","link":"https:\/\/sisperdesign.com\/sisperstore\/produto\/mini-camionete\/","title":{"rendered":"Mini Camionete"},"content":{"rendered":"<p data-start=\"329\" data-end=\"618\">Miniatura decorativa e l\u00fadica em formato de camionete, criada para <strong data-start=\"396\" data-end=\"428\">brincar, imaginar e encantar<\/strong>. O objeto <strong data-start=\"439\" data-end=\"469\">n\u00e3o possui fun\u00e7\u00e3o de carga<\/strong>, sendo uma representa\u00e7\u00e3o visual que estimula a imagina\u00e7\u00e3o, a narrativa e o faz-de-conta, integrando cen\u00e1rios de brincadeira e composi\u00e7\u00e3o decorativa.<\/p>\n<p data-start=\"620\" data-end=\"827\"><strong data-start=\"620\" data-end=\"646\">Indicado para +3 anos.<\/strong><br data-start=\"646\" data-end=\"649\" \/><strong data-start=\"649\" data-end=\"660\">Design:<\/strong> Simone L. Sperhacke.<br data-start=\"681\" data-end=\"684\" \/>Produzido por <strong data-start=\"698\" data-end=\"721\">impress\u00e3o 3D em PLA<\/strong>, pl\u00e1stico biodegrad\u00e1vel de origem vegetal, livre de petr\u00f3leo.<br data-start=\"783\" data-end=\"786\" \/>Cores podem variar. Imagens ilustrativas.<\/p>\n<p>Produto certificado conforme Registro n\u00ba007826\/2024 \u2013 Certificadora BRICS OCP 0098.<\/p>\n<p>SisperDesign \u2014 design para brincar, criar, imaginar e encantar.<\/p>\n","protected":false},"excerpt":{"rendered":"<p>Miniatura l\u00fadica em formato de camionete, sem fun\u00e7\u00e3o de carga, ideal para brincadeiras de imagina\u00e7\u00e3o e composi\u00e7\u00e3o de cen\u00e1rios.<\/p>\n","protected":false},"featured_media":20431,"comment_status":"open","ping_status":"closed","template":"","meta":{"jetpack_post_was_ever_published":false,"jetpack_publicize_message":"","jetpack_publicize_feature_enabled":true,"jetpack_social_post_already_shared":true,"jetpack_social_options":{"image_generator_settings":{"template":"highway","default_image_id":0,"font":"","enabled":false},"version":2}},"product_brand":[593,579],"product_cat":[610,19,28],"product_tag":[645,436,493,444],"class_list":{"0":"post-20425","1":"product","2":"type-product","3":"status-publish","4":"has-post-thumbnail","6":"product_brand-sisper-design","7":"product_brand-sisperdesign","8":"product_cat-610","9":"product_cat-brinquedos","10":"product_cat-produtos","11":"product_tag-camionete","12":"product_tag-carrinho","13":"product_tag-colecionavel","14":"product_tag-miniatura","16":"first","17":"instock","18":"shipping-taxable","19":"purchasable","20":"product-type-simple"},"jetpack_publicize_connections":[],"jetpack-related-posts":[],"jetpack_likes_enabled":true,"jetpack_sharing_enabled":true,"_links":{"self":[{"href":"https:\/\/sisperdesign.com\/sisperstore\/wp-json\/wp\/v2\/product\/20425","targetHints":{"allow":["GET"]}}],"collection":[{"href":"https:\/\/sisperdesign.com\/sisperstore\/wp-json\/wp\/v2\/product"}],"about":[{"href":"https:\/\/sisperdesign.com\/sisperstore\/wp-json\/wp\/v2\/types\/product"}],"replies":[{"embeddable":true,"href":"https:\/\/sisperdesign.com\/sisperstore\/wp-json\/wp\/v2\/comments?post=20425"}],"wp:featuredmedia":[{"embeddable":true,"href":"https:\/\/sisperdesign.com\/sisperstore\/wp-json\/wp\/v2\/media\/20431"}],"wp:attachment":[{"href":"https:\/\/sisperdesign.com\/sisperstore\/wp-json\/wp\/v2\/media?parent=20425"}],"wp:term":[{"taxonomy":"product_brand","embeddable":true,"href":"https:\/\/sisperdesign.com\/sisperstore\/wp-json\/wp\/v2\/product_brand?post=20425"},{"taxonomy":"product_cat","embeddable":true,"href":"https:\/\/sisperdesign.com\/sisperstore\/wp-json\/wp\/v2\/product_cat?post=20425"},{"taxonomy":"product_tag","embeddable":true,"href":"https:\/\/sisperdesign.com\/sisperstore\/wp-json\/wp\/v2\/product_tag?post=20425"}],"curies":[{"name":"wp","href":"https:\/\/api.w.org\/{rel}","templated":true}]}}