{"id":976,"date":"2018-08-07T21:43:39","date_gmt":"2018-08-08T00:43:39","guid":{"rendered":"https:\/\/sisperdesign.com\/sisperstore\/?post_type=product&#038;p=976"},"modified":"2026-05-04T11:18:32","modified_gmt":"2026-05-04T14:18:32","slug":"os-musicos-de-bremen","status":"publish","type":"product","link":"https:\/\/sisperdesign.com\/sisperstore\/produto\/os-musicos-de-bremen\/","title":{"rendered":"Os M\u00fasicos de Bremen"},"content":{"rendered":"<p>Os M\u00fasicos de Bremen, famosa f\u00e1bula dos irm\u00e3os Grimm, conta a hist\u00f3ria de 4 animais com uma vida sem sentido que se juntam para uma nova aventura<br \/>\nFormam um grupo de m\u00fasicos aprendizes com destino a cidade de Bremen (na Alemanha), que na \u00e9poca era conhecida como uma esp\u00e9cie de para\u00edso.<br \/>\nNos ensinam, entre tantas mensagens, sobre o respeito \u00e0s diferen\u00e7as, a amizade e a possibilidade de supera\u00e7\u00e3o das dificuldades individuais<br \/>\nNo Brasil, a obra foi inspira\u00e7\u00e3o para o musical &#8220;Os Saltimbancos&#8221;, lan\u00e7ado nos anos 70 com grande elenco. Seu disco\/cd\/dvd segue encantando gera\u00e7\u00f5es.<br \/>\nNa foto, a releitura da escultura da cidade de Bremen, que representa um momento da f\u00e1bula em que se ajudam para alcan\u00e7ar um lugar mais alto.<br \/>\n.<br \/>\nIndicado para +3 anos<br \/>\nDesign by Simone L. Sperhacke<br \/>\nFeito por impress\u00e3o 3D, em PLA (pl\u00e1stico biodegrad\u00e1vel, sem petr\u00f3leo)<br \/>\nCores podem variar. Imagens ilustrativas.<br \/>\nProduto certificado de acordo com numero registro 007898\/2024 \u2013 Certificadora BRICS OCP 0098.<\/p>\n<p><a href=\"https:\/\/open.spotify.com\/playlist\/71xEZfYZCDFNOwpfdSRGFk?si=8a2aefdd6f6e4059\" target=\"_blank\" rel=\"noopener\">Escute<\/a> o conto na nossa playlist Spotfy enquanto se diverte com os personagens!<\/p>\n","protected":false},"excerpt":{"rendered":"<p data-path-to-node=\"3\">Reviva o cl\u00e1ssico conto dos irm\u00e3os Grimm com este conjunto de pe\u00e7as empilh\u00e1veis. Um brinquedo educativo que combina literatura, racioc\u00ednio l\u00f3gico e o desafio de montar a torre perfeita.<br \/>\nDesign Exclusivo: Pe\u00e7as que se encaixam para formar a ic\u00f4nica torre dos animais.<br \/>\nEducativo: Estimula a concentra\u00e7\u00e3o, a paci\u00eancia e a coordena\u00e7\u00e3o motora fina.<br \/>\nVers\u00e1til: Ideal para brincadeiras individuais ou em grupo, incentivando a narrativa e a criatividade.<br \/>\nQualidade: Pe\u00e7as resistentes com acabamento impec\u00e1vel, perfeitas para pequenas m\u00e3os.<br \/>\nUm presente l\u00fadico que transforma a hora de brincar em uma verdadeira hist\u00f3ria!<\/p>\n","protected":false},"featured_media":14726,"comment_status":"open","ping_status":"closed","template":"","meta":{"jetpack_post_was_ever_published":false,"jetpack_publicize_message":"","jetpack_publicize_feature_enabled":true,"jetpack_social_post_already_shared":false,"jetpack_social_options":{"image_generator_settings":{"template":"highway","default_image_id":0,"font":"","enabled":false},"version":2}},"product_brand":[593,579],"product_cat":[19,251,28],"product_tag":[563,607,606,179,178,177,181],"class_list":{"0":"post-976","1":"product","2":"type-product","3":"status-publish","4":"has-post-thumbnail","6":"product_brand-sisper-design","7":"product_brand-sisperdesign","8":"product_cat-brinquedos","9":"product_cat-decor","10":"product_cat-produtos","11":"product_tag-der-bremen-stadtmusikanten","12":"product_tag-infantil","13":"product_tag-literatura","14":"product_tag-os-4-aventureiros","15":"product_tag-os-4-herois","16":"product_tag-os-musicos-de-bremen","17":"product_tag-os-saltimbancos","19":"first","20":"instock","21":"featured","22":"shipping-taxable","23":"purchasable","24":"product-type-simple"},"jetpack_publicize_connections":[],"jetpack-related-posts":[],"jetpack_likes_enabled":true,"jetpack_sharing_enabled":true,"_links":{"self":[{"href":"https:\/\/sisperdesign.com\/sisperstore\/wp-json\/wp\/v2\/product\/976","targetHints":{"allow":["GET"]}}],"collection":[{"href":"https:\/\/sisperdesign.com\/sisperstore\/wp-json\/wp\/v2\/product"}],"about":[{"href":"https:\/\/sisperdesign.com\/sisperstore\/wp-json\/wp\/v2\/types\/product"}],"replies":[{"embeddable":true,"href":"https:\/\/sisperdesign.com\/sisperstore\/wp-json\/wp\/v2\/comments?post=976"}],"wp:featuredmedia":[{"embeddable":true,"href":"https:\/\/sisperdesign.com\/sisperstore\/wp-json\/wp\/v2\/media\/14726"}],"wp:attachment":[{"href":"https:\/\/sisperdesign.com\/sisperstore\/wp-json\/wp\/v2\/media?parent=976"}],"wp:term":[{"taxonomy":"product_brand","embeddable":true,"href":"https:\/\/sisperdesign.com\/sisperstore\/wp-json\/wp\/v2\/product_brand?post=976"},{"taxonomy":"product_cat","embeddable":true,"href":"https:\/\/sisperdesign.com\/sisperstore\/wp-json\/wp\/v2\/product_cat?post=976"},{"taxonomy":"product_tag","embeddable":true,"href":"https:\/\/sisperdesign.com\/sisperstore\/wp-json\/wp\/v2\/product_tag?post=976"}],"curies":[{"name":"wp","href":"https:\/\/api.w.org\/{rel}","templated":true}]}}